he first derivative of -a**2/2 - 6*a - 12. Give u(b).
-1
Let z(s) = -2*s - 1. Let i be z(-4). Let n = -6 + i. Let u(y) = -3*y + 0*y - 5*y**3 + 2*y**2 + 2*y. Give u(n).
-4
Let i = -5 - -8. Let b be (-2 - 10)/(i/(-4)). Suppose 2*l - b = 6*l. Let g(f) = -f + 1. Calculate g(l).
5
Let p(u) = -7*u**2 + 4*u + 12. Let s(j) = 15*j**2 - 9*j - 25. Let b(m) = -13*p(m) - 6*s(m). Determine b(-5).
9
Let z(m) = 4*m + 1. Suppose 3*l - 4*f = -2*f - 14, -6 = -3*l - 3*f. Let b be (-1 + 0)*(l - -3). Calculate z(b).
-3
Let b(j) = -4*j - 1 + 10*j + 0*j + 6*j. Calculate b(1).
11
Let a(j) be the second derivative of -j**5/20 - 5*j**4/12 - 2*j**3/3 - j**2/2 + 8*j. Let p(r) = -r**3 - 4*r**2 - 3*r - 4. Let n be p(-3). Give a(n).
-1
Let h(i) = i**3 + 7*i**2 + 4*i - 4. Let k(y) = -3*y + 36. Let n be k(14). Give h(n).
8
Let l(q) = 33*q - 7. Let b(z) = 8*z - 2. Let f(j) = 9*b(j) - 2*l(j). Give f(4).
20
Let r(z) = z**2 - z + 6. Let d(w) = -w. Suppose o = -3*o. Let n be d(o). Suppose -3*g = -n*g + 5*f + 20, 4*f + 16 = 3*g. What is r(g)?
6
Let s(r) be the third derivative of 5*r**4/24 + r**3/3 + 3*r**2. Let d be -2 - 0*5/(-15). Give s(d).
-8
Let l be (156/182)/(1/(-7)). Let b(m) = -2*m - 1. What is b(l)?
11
Suppose 3*i - 11 = -5. Let v(n) = -4 + 5 + 3 - 7*n - 2. What is v(i)?
-12
Let m(x) = -x**2 - 6*x - 2. Suppose 3*y = -8 - 4. What is m(y)?
6
Let o(z) = -2*z - 5. Let l be (-5)/((-4 - -1) + 4). What is o(l)?
5
Let k(d) be the second derivative of -d**4/2 + d**3/6 - d**2/2 - 2*d. Let v(w) = 2*w**3 + 7*w**2 - 4*w + 1. Let n be v(-4). Calculate k(n).
-6
Let g(r) = -r**2 + r + 1. Let n(w) = -3*w**2 + 6*w + 2. Let y(s) = 2*g(s) - n(s). Determine y(5).
5
Let f(n) be the first derivative of 2*n**2 - 4*n + 1. Give f(-3).
-16
Let c(v) = 13*v**2 - 2*v**2 + 11*v**2 + v + 10. Let f(s) = 15*s**2 + s + 7. Let z(h) = 5*c(h) - 7*f(h). Calculate z(1).
4
Let g(s) be the third derivative of s**4/24 + s**3/3 - 2*s**2. Let n be g(3). Let u(z) = 2*z - 1. What is u(n)?
9
Let w = 0 + -4. Let r(x) = -3*x**2 + 8*x - 2*x**3 + 5 - 2*x + x**3. Give r(w).
-3
Suppose 0 = -5*b + 254 - 74. Let o(s) = 0*s - 37 - s + b. Calculate o(-5).
4
Suppose -2*i = 4*m - 6*m - 26, 3*i = 2*m + 41. Suppose -7*z = -2*z + i. Let j(x) = -4*x - 3. What is j(z)?
9
Suppose 4*i + 5*b = -3 - 22, -3*b - 15 = -4*i. Suppose 4*j - 6 - 2 = i. Let h(z) = 6*z - 4. Let v(u) = -2*u + 1. Let k(o) = -h(o) - 4*v(o). Determine k(j).
4
Let a(s) = s**3 - 5*s**2 + s - 1. Let u be 3/4*2*2. Let d(g) = -6 - 6*g - g + g**u + 3 + 0*g - 7*g**2. Let y be d(8). Calculate a(y).
4
Let d(y) = -3*y - 7. Suppose 3*r = -18 + 3. Let b(c) = -c - 3. Let n(p) = r*b(p) + 2*d(p). Let s be ((-1)/((-1)/(-1)))/1. What is n(s)?
2
Let y(j) = -12*j - 5*j**2 + j**3 - 2 + 13*j - 3 + 4. Give y(4).
-13
Let j(w) = w**2 + 7*w + 4. Let p be -3 + (-2 - 3) - (-2)/2. Calculate j(p).
4
Let y(k) = -3*k**3 + 2*k**2 - 2*k + 1. Suppose 27 = -3*n + 6*n. Let o(t) = -2*t + 19. Let d be o(n). What is y(d)?
-2
Let h(q) be the third derivative of -q**5/60 + q**4/6 + 4*q**2 + 3*q. Suppose -3 = v - 2*v. Determine h(v).
3
Let s(k) be the second derivative of k**6/120 - k**5/15 - k**4/6 + k**3/6 + k**2/2 - k. Let n(d) be the first derivative of s(d). Calculate n(5).
6
Let q be (-14)/(-6) + 6/36. Let i(a) be the first derivative of q*a**2 - a + 1 - 1/3*a**3. Determine i(4).
3
Let o(d) be the third derivative of -d**4/24 + d**3/6 - 15*d**2. Calculate o(7).
-6
Let h(r) = r**2 + r - 4. Let v be h(-3). Let t(m) = 2*m**3 - 4*m**2 + 3*m. Calculate t(v).
6
Let r(f) = -2*f**3 - 10*f**2 + 13*f + 14. Let h(j) = -j**3 + j. Let z(n) = h(n) - r(n). What is z(-11)?
-3
Let n(w) = -w**3 - 7*w**2 - 8*w + 1. Let d = 22 + 2. Let a be d/(-20)*(-15)/(-3). What is n(a)?
13
Let j = 5 - 4. Let k(y) = 9*y**3 + y**2. Calculate k(j).
10
Let c(w) = -w**2 - 3*w - 5. Suppose 3*o - 6*o + q = 20, 5 = 3*o + 4*q. Determine c(o).
-15
Let a = -142 + 140. Let y(s) = 7*s**2 + 2*s - 2. Calculate y(a).
22
Let c(j) = 6*j**2 - 3*j**3 - 3 + 9 - 5*j**3 + j + 7*j**3. Determine c(6).
12
Let b(k) = -3*k**2 + 3*k. Suppose -2*w = -1 - 5. Suppose -w + 1 = -g. Calculate b(g).
-6
Let c be ((-24)/30)/((-2)/5). Suppose 5*n + 10 = 3*q, 5*n - c*q = -2 - 8. Let g(s) = -s**3 - 2*s**2 - s + 1. Give g(n).
3
Let b(j) = -j**3 - 3*j**2 + 5*j - 2. Suppose -3*l = l - 3*c + 31, 0 = l - 4*c + 24. Determine b(l).
-6
Let q(h) = 9*h**3 + 5*h**2 + h - 2. Let d(t) = -5*t**3 - 3*t**2 - t + 1. Let a(j) = -5*d(j) - 3*q(j). Give a(-1).
1
Let i(j) = -5 - j**2 + 77*j + 70*j - 142*j. Determine i(6).
-11
Let a(g) = g**3 - 7*g**2 + 5*g + 3. Let u be 3/(-3)*-7 - 1. Calculate a(u).
-3
Let b(d) = -d**3 - 3*d**2 + 4*d - 2. Let u be (2/(-2) - (-1 + 2))*2. Give b(u).
-2
Let g(k) = k**3 + 3*k**2 + k - 2. Suppose 0 = -3*l + 2*l, -3*c + 18 = 5*l. Suppose -c = b + b. Give g(b).
-5
Let g = -57 + 54. Suppose 3 = 3*a - 2*a. Let f(c) = 2*c + 3*c - 2*c + a. Calculate f(g).
-6
Let k(h) = h**3 + 2*h**2 + h - 2. Let x = 2 + 1. Suppose -5*t - 1 = p + 11, -x*p = -t + 4. Determine k(p).
-4
Let y(b) = -b**3 + 3*b + 2. Let v = -3 - 0. Let x be v - -1 - (1 - 1). Give y(x).
4
Let r(b) be the second derivative of b**5/120 + b**4/2 + b**3/6 + 2*b. Let z(i) be the second derivative of r(i). Give z(-6).
6
Suppose 3*v + 6 = v. Let h(a) be the first derivative of -a**3/3 - 2*a**2 - 4*a - 2. Let z be h(v). Let w(r) = -r**2 + r. What is w(z)?
-2
Let v(p) = -p**2 - p. Let b(l) = 6*l**2 + 6*l + 2. Let x(t) = b(t) + 5*v(t). Let u be ((-3)/2)/(30/40). Calculate x(u).
4
Suppose 4*l + l + 5 = 0. Let j = -7 + 5. Let x = j + l. Let r(b) = -b - 2. Calculate r(x).
1
Let d(h) = -h + 1. Let x be d(-4). Suppose 4*i = x*j + 1 + 15, 2*i + 2*j = 8. Let w(b) = 3 - 1 - 5 + b. Give w(i).
1
Let n(b) = b**2 + 3*b. Let p be 6/8 + 6/(-8). Suppose -j + 3*j + 8 = p. Calculate n(j).
4
Let i(j) = -3*j**2 + j. Let d(c) = -c + 12. Let o be d(11). Calculate i(o).
-2
Suppose 2*u + 2 = 14. Let z(x) = -x**3 + 5*x**2 + 9*x - 4. Calculate z(u).
14
Suppose -3*q + 4 = -2*q. Suppose q*g + 3*w - 16 = 0, -2*g + 0*g = -w + 2. Let k(l) = l**2 + l. What is k(g)?
2
Let i(y) = -y**2 - 4*y + 1. Suppose 2*l - 5 = -17. What is i(l)?
-11
Let h(a) be the second derivative of a**4/6 + a**3/2 + 3*a**2/2 - 32*a. Let t be 1*(-1 + 0 + 1). Suppose t + 2 = -s. Give h(s).
5
Let j be -1 - (-2 - -1) - 5. Let b(r) be the third derivative of r**4/24 + 5*r**3/3 - 2*r**2. What is b(j)?
5
Let a(m) be the third derivative of 0 - m**2 + 0*m + m**3 + 1/60*m**5 - 1/6*m**4. Let w = -257 - -261. Determine a(w).
6
Let h(f) = -2*f - 9. Let v be h(-6). Let n be (-1 - -4)/v + 14. Suppose 0 = r - 6*r - n. Let b(o) = 2*o. What is b(r)?
-6
Let v(f) = 3*f**2 + 2 - f**3 + 2*f**3 + 0*f**3 + 3*f + 1. Calculate v(-3).
-6
Suppose -2*k = -3*n + 5, 0*n + 3*k - 9 = -n. Suppose -3*h + 0 - 10 = -5*q, n*q + h - 20 = 0. Let g(f) = -f**3 + 5*f**2 + f - 6. Determine g(q).
-1
Let q(r) = r**3 + 4*r**2 - 2*r - 4. Let m be q(-4). Suppose m*w = -w - 15. Let y(d) = -d**2 - 3*d - 1. Calculate y(w).
-1
Suppose -8 = 4*d + 4. Let s(t) be the first derivative of 1/4*t**4 + 4*t + 9 + 3/2*t**2 + t**3. What is s(d)?
-5
Let p(z) be the third derivative of z**6/120 + z**5/60 - 5*z**4/24 - z**3/2 + 17*z**2. What is p(-3)?
-6
Let r(p) be the first derivative of -7 - p - 7/2*p**2. Let u = 0 - 2. Determine r(u).
13
Let k(g) = 2*g**2 - 8*g + 2. Let f = 61 + -55. Calculate k(f).
26
Let y(g) = 26*g**2 - 48*g**2 + 24*g**2 + 2*g. What is y(2)?
12
Suppose 0*p - p - 10 = 3*h, -5*h = -4*p - 6. Let b(o) be the first derivative of o**3/3 + o**2 - o - 2. Give b(p).
7
Let g be (-9)/(-2)*4/6. Let x(w) = w**2 - 4*w + 3. Let z be x(g). Let v(f) = 4*f + 2*f**2 - 2 + z*f - f**2. Calculate v(-4).
-2
Let f(t) = -2*t + 64*t**3 + 5 - 5*t**2 - t - 63*t**3. What is f(5)?
-10
Let c(p) = p**2 - p + 1. Let h(l) = -l + 1. Let g(o) = c(o) + 6*h(o). Let r be 20/6*27/18. Calculate g(r).
-3
Let o(a) = -12*a - 1. Let i(h) = -2*h**2 + 1. Let y be i(1). What is o(y)?
11
Suppose p + p - 2 = 0. Let v = 11 - -5. Let k(m) = 6*m + v - 16. Determine k(p).
6
Let o = -1 - 4. Let r(t) = t**3 + 6*t**2 - t + 5. Let w(d) = -d**3 - 6*d**2 + 2*d - 6. Let z(c) = -7*r(c) - 6*w(c). Determine z(o).
1
Let r(m) = m. Let d be r(-4). Let x(k) = -3 + 3*k**2 + 4 + k - 4*k + 2. Let y(q) = 7*q**2 - 6*q + 7. Let i(l) = d*y(l) + 9*x(l). What is i(-4)?
-5
Suppose -2*g = -3*g + 4